{"id":102,"date":"2016-10-30T21:04:53","date_gmt":"2016-10-30T21:04:53","guid":{"rendered":"http:\/\/cirsa.pl\/?page_id=102"},"modified":"2017-03-06T20:27:26","modified_gmt":"2017-03-06T20:27:26","slug":"102-2","status":"publish","type":"page","link":"https:\/\/cirsa.pl\/?page_id=102&lang=pl","title":{"rendered":"Rada Programowa"},"content":{"rendered":"<p><img loading=\"lazy\" class=\"alignleft wp-image-214 size-full\" src=\"http:\/\/cirsa.pl\/wp-content\/uploads\/2016\/10\/VB.jpg\" alt=\"VB\" width=\"150\" height=\"200\" srcset=\"https:\/\/cirsa.pl\/wp-content\/uploads\/2016\/10\/VB.jpg 150w, https:\/\/cirsa.pl\/wp-content\/uploads\/2016\/10\/VB-105x140.jpg 105w\" sizes=\"(max-width: 150px) 100vw, 150px\" \/><strong>gen. broni w st. spocz. dr Virgil B\u0103l\u0103ceanu<br \/>\n<\/strong><\/p>\n<p><em>nauczyciel akademicki, analityk wojskowy, nale\u017ca\u0142 do \u015bcis\u0142ego dow\u00f3dztwa armii rumu\u0144skiej, prezes Stowarzyszenia Oficer\u00f3w Rezerwy, specjalista w zakresie wojskowo\u015bci, planowania strategicznego oraz geopolityki<\/em><\/p>\n<h6><img loading=\"lazy\" class=\"alignleft wp-image-154 size-full\" src=\"http:\/\/cirsa.pl\/wp-content\/uploads\/2017\/01\/makar-mud.jpg\" alt=\"makar-mud\" width=\"150\" height=\"200\" srcset=\"https:\/\/cirsa.pl\/wp-content\/uploads\/2017\/01\/makar-mud.jpg 150w, https:\/\/cirsa.pl\/wp-content\/uploads\/2017\/01\/makar-mud-105x140.jpg 105w\" sizes=\"(max-width: 150px) 100vw, 150px\" \/><strong>prof. dr hab. Jurij Makar<\/strong><\/h6>\n<p style=\"text-align: left;\"><em>historyk, politolog, profesor Czerniowieckiego Uniwersytetu Narodowego im. J. Fedkowycza, specjalista w zakresie historii Ukrainy, stosunk\u00f3w mi\u0119dzynarodowych (w tym stosunk\u00f3w polsko-ukrai\u0144skich), integracji europejskiej<\/em><\/p>\n<h6 style=\"text-align: left;\"><img loading=\"lazy\" class=\" wp-image-99 alignleft\" src=\"http:\/\/cirsa.pl\/wp-content\/uploads\/2016\/10\/Pietrzyk01-105x140.jpg\" alt=\"pietrzyk01\" width=\"150\" height=\"200\" srcset=\"https:\/\/cirsa.pl\/wp-content\/uploads\/2016\/10\/Pietrzyk01-105x140.jpg 105w, https:\/\/cirsa.pl\/wp-content\/uploads\/2016\/10\/Pietrzyk01.jpg 180w\" sizes=\"(max-width: 150px) 100vw, 150px\" \/><strong>gen. dyw. w st. spocz. Andrzej Pietrzyk<\/strong><\/h6>\n<p style=\"text-align: left;\"><em>nauczyciel akademicki, analityk wojskowy, nale\u017ca\u0142 do kadry kierowniczej Sztabu Generalnego WP, specjalista\u00a0 w zakresie wojskowo\u015bci, bezpiecze\u0144stwa, planowania strategicznego<\/em><\/p>\n<h6 style=\"text-align: left;\"><strong><img loading=\"lazy\" class=\"alignleft wp-image-181 size-full\" src=\"http:\/\/cirsa.pl\/wp-content\/uploads\/2016\/10\/Jaros\u0142aw_Rusiecki_Kancelaria_Senatu_2015.jpg\" alt=\"Jaros\u0142aw_Rusiecki_Kancelaria_Senatu_2015\" width=\"150\" height=\"199\" srcset=\"https:\/\/cirsa.pl\/wp-content\/uploads\/2016\/10\/Jaros\u0142aw_Rusiecki_Kancelaria_Senatu_2015.jpg 150w, https:\/\/cirsa.pl\/wp-content\/uploads\/2016\/10\/Jaros\u0142aw_Rusiecki_Kancelaria_Senatu_2015-106x140.jpg 106w\" sizes=\"(max-width: 150px) 100vw, 150px\" \/>senator Jaros\u0142aw Rusiecki<\/strong><\/h6>\n<p style=\"text-align: left;\"><em>socjolog, polityk; pose\u0142 na Sejm RP w l. 2005-2014, senator RP od 2014; od 2015 przewodnicz\u0105cy Senackiej Komisji Obrony Narodowej; specjalista w zakresie prawnych podstaw bezpiecze\u0144stwa oraz przemys\u0142u obronnego<br \/>\n<\/em><\/p>\n<h6 style=\"text-align: left;\"><img loading=\"lazy\" class=\"alignleft wp-image-155 \" src=\"http:\/\/cirsa.pl\/wp-content\/uploads\/2016\/10\/sulek-31626_200x200.jpg\" alt=\"sulek-31626_200x200\" width=\"150\" height=\"200\" srcset=\"https:\/\/cirsa.pl\/wp-content\/uploads\/2016\/10\/sulek-31626_200x200.jpg 150w, https:\/\/cirsa.pl\/wp-content\/uploads\/2016\/10\/sulek-31626_200x200-105x140.jpg 105w\" sizes=\"(max-width: 150px) 100vw, 150px\" \/>prof. dr hab. Miros\u0142aw Su\u0142ek<\/h6>\n<p style=\"text-align: left;\"><em>ekonomista , politolog, sekuritolog, profesor Uniwersytetu Warszawskiego, specjalista w zakresie studi\u00f3w strategicznych, programowania obronnego, pot\u0119gonomii i pot\u0119gometrii<\/em><\/p>\n","protected":false},"excerpt":{"rendered":"<p>gen. broni w st. spocz. dr Virgil B\u0103l\u0103ceanu nauczyciel akademicki, analityk wojskowy, nale\u017ca\u0142 do \u015bcis\u0142ego dow\u00f3dztwa armii rumu\u0144skiej, prezes Stowarzyszenia Oficer\u00f3w Rezerwy, specjalista w zakresie wojskowo\u015bci, planowania strategicznego oraz geopolityki prof. dr hab. Jurij Makar historyk, politolog, profesor Czerniowieckiego Uniwersytetu Narodowego im. J. Fedkowycza, specjalista w zakresie historii Ukrainy, stosunk\u00f3w mi\u0119dzynarodowych (w tym stosunk\u00f3w polsko-ukrai\u0144skich), &hellip; <a href=\"https:\/\/cirsa.pl\/?page_id=102&#038;lang=pl\" class=\"more-link\">Czytaj dalej <span class=\"screen-reader-text\">Rada Programowa<\/span> <span class=\"meta-nav\">&rarr;<\/span><\/a><\/p>\n","protected":false},"author":1,"featured_media":0,"parent":0,"menu_order":0,"comment_status":"closed","ping_status":"closed","template":"","meta":{"_monsterinsights_skip_tracking":false,"_monsterinsights_sitenote_active":false,"_monsterinsights_sitenote_note":"","_monsterinsights_sitenote_category":0},"_links":{"self":[{"href":"https:\/\/cirsa.pl\/index.php?rest_route=\/wp\/v2\/pages\/102"}],"collection":[{"href":"https:\/\/cirsa.pl\/index.php?rest_route=\/wp\/v2\/pages"}],"about":[{"href":"https:\/\/cirsa.pl\/index.php?rest_route=\/wp\/v2\/types\/page"}],"author":[{"embeddable":true,"href":"https:\/\/cirsa.pl\/index.php?rest_route=\/wp\/v2\/users\/1"}],"replies":[{"embeddable":true,"href":"https:\/\/cirsa.pl\/index.php?rest_route=%2Fwp%2Fv2%2Fcomments&post=102"}],"version-history":[{"count":24,"href":"https:\/\/cirsa.pl\/index.php?rest_route=\/wp\/v2\/pages\/102\/revisions"}],"predecessor-version":[{"id":267,"href":"https:\/\/cirsa.pl\/index.php?rest_route=\/wp\/v2\/pages\/102\/revisions\/267"}],"wp:attachment":[{"href":"https:\/\/cirsa.pl\/index.php?rest_route=%2Fwp%2Fv2%2Fmedia&parent=102"}],"curies":[{"name":"wp","href":"https:\/\/api.w.org\/{rel}","templated":true}]}}