{"id":16,"date":"2016-10-26T21:48:36","date_gmt":"2016-10-26T21:48:36","guid":{"rendered":"http:\/\/cirsa.pl\/?page_id=16"},"modified":"2024-04-01T15:27:25","modified_gmt":"2024-04-01T15:27:25","slug":"o-stowarzyszeniu","status":"publish","type":"page","link":"https:\/\/cirsa.pl\/?page_id=16&lang=pl","title":{"rendered":"O nas"},"content":{"rendered":"<p style=\"text-align: justify;\">\u015arodkowoeuropejski Instytut Bada\u0144 i Analiz Strategicznych CIRSA (Central European Institute of Research and Strategic Analysis CIRSA) jest niezale\u017cnym think tankiem powo\u0142anym dla propagowania i wspierania rozwoju bada\u0144 nad problematyk\u0105 funkcjonowania pa\u0144stwa oraz\u00a0 stosunk\u00f3w mi\u0119dzynarodowych.<\/p>\n<p style=\"text-align: justify;\">Instytut stawia sobie za szczeg\u00f3\u0142owe cele: wspieranie, prowadzenie oraz propagowanie bada\u0144 nad funkcjonowaniem wsp\u00f3\u0142czesnych pa\u0144stw w kontek\u015bcie politycznym, ekonomicznym, prawnym i spo\u0142ecznym; wspieranie, prowadzenie oraz propagowanie bada\u0144 nad zagadnieniem geopolityki i rozwoju wsp\u00f3\u0142czesnych stosunk\u00f3w mi\u0119dzynarodowych; wspieranie, prowadzenie oraz propagowanie bada\u0144 nad zagadnieniem bezpiecze\u0144stwa politycznego, spo\u0142ecznego, ekonomicznego, zdrowotnego, informatycznego we wsp\u00f3\u0142czesnym \u015bwiecie; wspieranie, propagowanie oraz rozw\u00f3j r\u00f3\u017cnych form edukacji, w tym edukacji os\u00f3b doros\u0142ych, zar\u00f3wno w formie stacjonarnej jak i kszta\u0142cenia na odleg\u0142o\u015b\u0107, prowadzenie bada\u0144 i analiz oraz wdra\u017canie dobrych praktyk w tym zakresie; propagowanie warto\u015bci demokratycznych, praw cz\u0142owieka, idei praworz\u0105dno\u015bci, etyki i moralno\u015bci w polityce i dzia\u0142alno\u015bci publicznej.<\/p>\n<p style=\"text-align: justify;\">Swoje cele Instytut realizuje w szczeg\u00f3lno\u015bci poprzez: organizowanie kongres\u00f3w, konferencji, sympozj\u00f3w, seminari\u00f3w, warsztat\u00f3w badawczych i paneli dyskusyjnych; wydawanie monografii oraz czasopism; prowadzenie portalu internetowego; publikowanie ekspertyz oraz analiz; prowadzenie dzia\u0142alno\u015bci informacyjno-promocyjnej i edukacyjno-szkoleniowej; wsp\u00f3\u0142prac\u0119 z w\u0142adzami samorz\u0105dowymi, pa\u0144stwowymi i \u015brodkami masowego przekazu; wsp\u00f3\u0142prac\u0119 z uczelniami oraz instytucjami o pokrewnym profilu dzia\u0142ania z kraju i z zagranicy. i Rozwoju<\/p>\n<p style=\"text-align: justify;\">W swoim dorobku Instytut ma:<\/p>\n<ul>\n<li>g\u0142\u00f3wn\u0105 organizacj\u0119 3 mi\u0119dzynarodowych konferencji naukowych\/eksperckich dedykowanych geopolityce obszaru Mi\u0119dzymorza (2019), spo\u0142eczno-ekonomicznym i medycznym nast\u0119pstwom pandemii COVID-19 (2022) oraz wojnie rosyjsko-ukrai\u0144skiej (2023),z kt\u00f3rych ka\u017cda zgromadzi\u0142a uczestnik\u00f3w z kilkunastu kraj\u00f3w, nawet tak odleg\u0142ych jak USA, Indie czy Brazylia<\/li>\n<li>wsp\u00f3\u0142organizacj\u0119 kilkunastu mniejszych konferencji, sympozj\u00f3w i seminari\u00f3w w Polsce, Ukrainie i Rumunii<\/li>\n<li>uczestnictwo w kilku naukowych i specjalistycznych projektach realizowanych ze \u015brodk\u00f3w Narodowego Centrum Bada\u0144 i Rozwoju, Erasmus+ i innych<\/li>\n<li>raporty eksperckie i analizy na zlecenie podmiot\u00f3w gospodarczych.<\/li>\n<\/ul>\n","protected":false},"excerpt":{"rendered":"<p>\u015arodkowoeuropejski Instytut Bada\u0144 i Analiz Strategicznych CIRSA (Central European Institute of Research and Strategic Analysis CIRSA) jest niezale\u017cnym think tankiem powo\u0142anym dla propagowania i wspierania rozwoju bada\u0144 nad problematyk\u0105 funkcjonowania pa\u0144stwa oraz\u00a0 stosunk\u00f3w mi\u0119dzynarodowych. Instytut stawia sobie za szczeg\u00f3\u0142owe cele: wspieranie, prowadzenie oraz propagowanie bada\u0144 nad funkcjonowaniem wsp\u00f3\u0142czesnych pa\u0144stw w kontek\u015bcie politycznym, ekonomicznym, prawnym i &hellip; <a href=\"https:\/\/cirsa.pl\/?page_id=16&#038;lang=pl\" class=\"more-link\">Czytaj dalej <span class=\"screen-reader-text\">O nas<\/span> <span class=\"meta-nav\">&rarr;<\/span><\/a><\/p>\n","protected":false},"author":1,"featured_media":0,"parent":0,"menu_order":0,"comment_status":"closed","ping_status":"closed","template":"","meta":{"_monsterinsights_skip_tracking":false,"_monsterinsights_sitenote_active":false,"_monsterinsights_sitenote_note":"","_monsterinsights_sitenote_category":0},"_links":{"self":[{"href":"https:\/\/cirsa.pl\/index.php?rest_route=\/wp\/v2\/pages\/16"}],"collection":[{"href":"https:\/\/cirsa.pl\/index.php?rest_route=\/wp\/v2\/pages"}],"about":[{"href":"https:\/\/cirsa.pl\/index.php?rest_route=\/wp\/v2\/types\/page"}],"author":[{"embeddable":true,"href":"https:\/\/cirsa.pl\/index.php?rest_route=\/wp\/v2\/users\/1"}],"replies":[{"embeddable":true,"href":"https:\/\/cirsa.pl\/index.php?rest_route=%2Fwp%2Fv2%2Fcomments&post=16"}],"version-history":[{"count":6,"href":"https:\/\/cirsa.pl\/index.php?rest_route=\/wp\/v2\/pages\/16\/revisions"}],"predecessor-version":[{"id":855,"href":"https:\/\/cirsa.pl\/index.php?rest_route=\/wp\/v2\/pages\/16\/revisions\/855"}],"wp:attachment":[{"href":"https:\/\/cirsa.pl\/index.php?rest_route=%2Fwp%2Fv2%2Fmedia&parent=16"}],"curies":[{"name":"wp","href":"https:\/\/api.w.org\/{rel}","templated":true}]}}