{"id":19,"date":"2016-10-26T21:51:40","date_gmt":"2016-10-26T21:51:40","guid":{"rendered":"http:\/\/cirsa.pl\/?page_id=19"},"modified":"2022-01-30T13:21:08","modified_gmt":"2022-01-30T13:21:08","slug":"wladze","status":"publish","type":"page","link":"https:\/\/cirsa.pl\/?page_id=19&lang=pl","title":{"rendered":"Zarz\u0105d"},"content":{"rendered":"<h2 id=\"tablepress-3-name\" class=\"tablepress-table-name tablepress-table-name-id-3\">Zarz\u0105d G\u0142\u00f3wny<\/h2>\n\n<table id=\"tablepress-3\" class=\"tablepress tablepress-id-3\" aria-labelledby=\"tablepress-3-name\">\n<tbody class=\"row-hover\">\n<tr class=\"row-1 odd\">\n\t<td class=\"column-1\">Piotr Mruga\u0142a<\/td><td class=\"column-2\">PREZES<\/td><td class=\"column-3\"><img src=\"https:\/\/cirsa.pl\/wp-content\/uploads\/2024\/03\/mru2.jpg\" alt=\"\" width=\"150\" height=\"200\" class=\"alignleft size-full wp-image-701\" \/><\/td>\n<\/tr>\n<tr class=\"row-2 even\">\n\t<td class=\"column-1\">dr Anna Ba\u0142dyga<\/td><td class=\"column-2\">WICEPREZES DS. BADA\u0143 I NAUKI<\/td><td class=\"column-3\"><img src=\"https:\/\/cirsa.pl\/wp-content\/uploads\/2024\/03\/402651886_1300196064193500_7487938085106308654_n-1.jpg\" alt=\"\" width=\"150\" height=\"200\" class=\"alignleft size-full wp-image-704\" \/><\/td>\n<\/tr>\n<tr class=\"row-3 odd\">\n\t<td class=\"column-1\">dr Jakub  \u017bak<\/td><td class=\"column-2\">WICEPREZES DS. ROZWOJU<\/td><td class=\"column-3\"><img src=\"https:\/\/cirsa.pl\/wp-content\/uploads\/2022\/01\/zak.jpg\" alt=\"\" width=\"145\" height=\"200\" class=\"alignleft size-full wp-image-631\" \/><\/td>\n<\/tr>\n<tr class=\"row-4 even\">\n\t<td class=\"column-1\">dr Sylwia Poparda<\/td><td class=\"column-2\">SEKRETARZ<\/td><td class=\"column-3\"><img src=\"https:\/\/cirsa.pl\/wp-content\/uploads\/2022\/01\/slawinska.jpg\" alt=\"\" width=\"144\" height=\"200\" class=\"alignleft size-full wp-image-612\" \/><\/td>\n<\/tr>\n<tr class=\"row-5 odd\">\n\t<td class=\"column-1\">dr Monika Borek<\/td><td class=\"column-2\">SKARBNIK<\/td><td class=\"column-3\"><img src=\"https:\/\/cirsa.pl\/wp-content\/uploads\/2024\/03\/mb2.jpeg\" alt=\"\" width=\"150\" height=\"200\" class=\"alignleft size-full wp-image-711\" \/><\/td>\n<\/tr>\n<\/tbody>\n<\/table>\n<!-- #tablepress-3 from cache -->\n\n\n<h2 id=\"tablepress-5-name\" class=\"tablepress-table-name tablepress-table-name-id-5\">Komisja Rewizyjna<\/h2>\n\n<table id=\"tablepress-5\" class=\"tablepress tablepress-id-5\" aria-labelledby=\"tablepress-5-name\">\n<tbody class=\"row-hover\">\n<tr class=\"row-1 odd\">\n\t<td class=\"column-1\">Jadwiga Banasik, MA<\/td><td class=\"column-2\">PRZEWODNICZ\u0104CA<\/td><td class=\"column-3\"><img src=\"https:\/\/cirsa.pl\/wp-content\/uploads\/2022\/01\/banasik.jpg\" alt=\"\" width=\"145\" height=\"200\" class=\"alignleft size-full wp-image-609\" \/><\/td>\n<\/tr>\n<tr class=\"row-2 even\">\n\t<td class=\"column-1\">Przemys\u0142aw Furgacz, PhD<\/td><td class=\"column-2\">CZ\u0141ONEK<\/td><td class=\"column-3\"><img src=\"https:\/\/cirsa.pl\/wp-content\/uploads\/2022\/01\/furgacz.jpg\" alt=\"\" width=\"145\" height=\"200\" class=\"alignleft size-full wp-image-610\" \/><\/td>\n<\/tr>\n<tr class=\"row-3 odd\">\n\t<td class=\"column-1\">Dariusz Kogut, MA<\/td><td class=\"column-2\">CZ\u0141ONEK<\/td><td class=\"column-3\"><img src=\"https:\/\/cirsa.pl\/wp-content\/uploads\/2022\/01\/kogut.jpg\" alt=\"\" width=\"145\" height=\"200\" class=\"alignleft size-full wp-image-608\" \/><\/td>\n<\/tr>\n<\/tbody>\n<\/table>\n<!-- #tablepress-5 from cache -->\n","protected":false},"excerpt":{"rendered":"","protected":false},"author":1,"featured_media":0,"parent":0,"menu_order":0,"comment_status":"closed","ping_status":"closed","template":"","meta":{"_monsterinsights_skip_tracking":false,"_monsterinsights_sitenote_active":false,"_monsterinsights_sitenote_note":"","_monsterinsights_sitenote_category":0},"_links":{"self":[{"href":"https:\/\/cirsa.pl\/index.php?rest_route=\/wp\/v2\/pages\/19"}],"collection":[{"href":"https:\/\/cirsa.pl\/index.php?rest_route=\/wp\/v2\/pages"}],"about":[{"href":"https:\/\/cirsa.pl\/index.php?rest_route=\/wp\/v2\/types\/page"}],"author":[{"embeddable":true,"href":"https:\/\/cirsa.pl\/index.php?rest_route=\/wp\/v2\/users\/1"}],"replies":[{"embeddable":true,"href":"https:\/\/cirsa.pl\/index.php?rest_route=%2Fwp%2Fv2%2Fcomments&post=19"}],"version-history":[{"count":19,"href":"https:\/\/cirsa.pl\/index.php?rest_route=\/wp\/v2\/pages\/19\/revisions"}],"predecessor-version":[{"id":645,"href":"https:\/\/cirsa.pl\/index.php?rest_route=\/wp\/v2\/pages\/19\/revisions\/645"}],"wp:attachment":[{"href":"https:\/\/cirsa.pl\/index.php?rest_route=%2Fwp%2Fv2%2Fmedia&parent=19"}],"curies":[{"name":"wp","href":"https:\/\/api.w.org\/{rel}","templated":true}]}}